 r**4/24 - r**2. Let g be o(-2). What is the greatest common factor of 4 and g?
2
Suppose 13*h = 9*h + 240. What is the greatest common divisor of h and 90?
30
Let d = 4 + 31. Let l be 1*(1 - 2)*1. Let h be 2 - 12/(l + 0). Calculate the highest common divisor of h and d.
7
Suppose -2*d = -2 - 0. Suppose 2*g + 65 = 7*g. Suppose a - g = -3*q, -q + 3*q = -5*a + 26. What is the greatest common factor of q and d?
1
Let y be ((-5)/2)/(1/(-2)). Let u = -4 + y. Let n be (36/(-15))/(u/(-5)). Calculate the greatest common factor of n and 84.
12
Let i(b) = 25*b - 8. Let p be i(4). Let z = -52 + p. Calculate the greatest common factor of 16 and z.
8
Let q be 1070/4 - 1/2. Suppose -q = -5*c + 228. Suppose -6*w = 2*v - 2*w - 6, 27 = 4*v + 3*w. What is the highest common factor of c and v?
9
Let g(n) = n**2 + 5*n - 8. Let z be g(-8). Let r = 86 - 6. What is the highest common divisor of z and r?
16
Suppose 0 = -2*j + 8. Let x = 5 - j. Calculate the greatest common factor of 11 and x.
1
Let s be 0 + 3/(-3) - -3. Let b(v) = v**3 + 3*v**2 - 3*v + 2. Let a be b(s). Suppose -191 + a = -5*y. Calculate the highest common factor of 5 and y.
5
Suppose 3*l - r = 10 + 69, 2*l = -5*r + 47. Calculate the greatest common divisor of l and 130.
26
Let t = 30 + -20. Let d be 80*(3/(-3) + 2). What is the highest common factor of d and t?
10
Let d(x) = -9*x**3 + x**2 + x - 2. Let n be d(-2). Suppose 8 = 2*p, -4*u - 1 = p - 25. Suppose 0 = -u*y - 15 + 60. What is the highest common factor of y and n?
9
Let t = -18 - -13. Suppose -8 - 4 = 4*i. Let p = i - t. Calculate the highest common factor of 4 and p.
2
Suppose -2*g = -4*z - 5*g + 458, -g - 111 = -z. Suppose 4*x + 5 = z. What is the greatest common factor of 3 and x?
3
Let z = -55 + 76. Calculate the highest common divisor of z and 105.
21
Suppose -6*u = -41 - 7. What is the greatest common factor of u and 12?
4
Suppose 3*a - 5*f = 30, -a - 4*f - 3 + 13 = 0. Calculate the highest common factor of a and 40.
10
Let r(p) = -p**3 + p + 5. Let u be r(0). Suppose -v + 70 = 4*v. Let m = 26 + v. What is the highest common factor of u and m?
5
Let p be 52/14 + (-4)/(-14). Suppose 0 = 4*s - 9*s + 1085. Suppose 91 = 2*j - 3*w, -2*j = 3*j + 3*w - s. Calculate the highest common factor of j and p.
4
Suppose 224 = 2*x + 2*x + 2*c, 2*x - 106 = 2*c. Suppose 3*r = -2*r + x. Calculate the greatest common divisor of 11 and r.
11
Let g(l) = l**2 + 11*l - 14. Let m be g(-11). Let t = 34 - m. Calculate the greatest common divisor of t and 12.
12
Let v = -15 + 132. Let b be (-89)/(-7) - 10/(-35). Calculate the greatest common divisor of v and b.
13
Suppose -240 = -7*p + 3*p. Calculate the greatest common factor of p and 10.
10
Let j be (-7)/7 - (0 + -3). Suppose -k - 4*d + 160 = 0, j*k - 2*d + d = 320. Calculate the greatest common factor of 20 and k.
20
Suppose -25*k = -20*k - 5. What is the greatest common divisor of 1 and k?
1
Let g = -12 + 18. Calculate the highest common divisor of g and 30.
6
Let o(l) = -l + 4. Let w = -17 - -20. Let q be o(w). Calculate the highest common factor of q and 2.
1
Let z = 33 + 9. Calculate the greatest common factor of 63 and z.
21
Suppose -132 = -5*m + 18. Suppose -5 - 4 = -3*u. Suppose 0 = u*f - f - 12. Calculate the greatest common factor of f and m.
6
Suppose d + 212 = 226. What is the greatest common factor of d and 7?
7
Let a(g) = -g + 231. Let w be a(0). Suppose 6*z - 63 = 3*z. Calculate the highest common divisor of z and w.
21
Let s(h) = h**2 - 6*h - 12. Let d be s(12). Calculate the greatest common factor of d and 20.
20
Let x(o) = -o**3 + 4*o**2 + 2*o + 1. Let b = -3 + 7. Suppose 5 = 3*i - b. Let z be x(i). What is the greatest common divisor of z and 2?
2
Let o(x) = -3*x**3 + 4*x**2 + 6*x + 7. Let f be o(-2). Calculate the highest common factor of f and 140.
35
Let q be (13/(-3))/(1/(-3)). Suppose -7*l + 932 = 204. What is the greatest common factor of l and q?
13
Suppose -4*m - 4*a = -344, -2*m + 2*a + 0*a = -152. Let u = -48 + m. Calculate the greatest common factor of u and 11.
11
Suppose 5*r = -4*g + 3*r + 54, -2*g - 5*r = -15. What is the greatest common divisor of g and 105?
15
Let s be (-2)/5 + (-6660)/(-25). Calculate the highest common factor of 14 and s.
14
Suppose -2*j = 2*r - 20, 2*r - j + 5*j = 16. Calculate the highest common divisor of 3 and r.
3
Let q(r) = 2*r**2 + 9*r - 7. Let o be q(-6). Calculate the greatest common divisor of 22 and o.
11
Let n = 127 - 119. Calculate the highest common divisor of n and 6.
2
Let b = 19 - -29. Let u = -69 - -29. Let o be 14/(-21) - u/6. What is the greatest common factor of b and o?
6
Let a = 13 + 5. What is the highest common factor of 9 and a?
9
Suppose -g = -3*g + 58. Let h(p) = p**3 - 8*p**2 - 27*p - 8. Let l be h(11). Calculate the greatest common divisor of l and g.
29
Let t(r) = -r**2 - 5*r + 2. Let x be t(-4). Suppose f + 4*f = -15. Let l be (f/(-2) - 1)*60. Calculate the greatest common factor of x and l.
6
Let o(i) = 4*i - 12*i**2 - 3 - 2*i**3 + 9*i**2 + i**3. Let c be o(-5). What is the greatest common divisor of c and 27?
27
Suppose -3*s = 0, 0*j + 4*j - 4 = 4*s. Let z be (-6 + 4)/(j/(-1)). Calculate the highest common factor of z and 2.
2
Suppose r + 56 = 3*r. Calculate the highest common divisor of r and 28.
28
Let y = 13 + -8. Suppose g - y*g + 160 = 0. Calculate the highest common divisor of g and 5.
5
Let b(t) = t**2 - 6*t + 6. Let w be b(6). Let i be (-1)/(-3)*-11*-3. Let f = i - w. What is the highest common divisor of f and 5?
5
Suppose -4*y = y - 140. What is the greatest common factor of y and 140?
28
Suppose 10*a - 105 = -5*p + 5*a, -p + 17 = 5*a. Suppose 0 = 4*j - 100 - 120. Calculate the highest common divisor of j and p.
11
Let r be 16*(1 - -3 - 3). Calculate the highest common divisor of r and 128.
16
Suppose -5*w + 15 = 5*p, w + 0*p + 5*p = 3. Suppose w*a - 6 + 3 = 0. What is the highest common factor of 2 and a?
1
Let b(y) = 10*y + 2. Let w be b(2). Suppose 9 = -3*v, 5 = f - v - 31. What is the greatest common divisor of f and w?
11
Let f = -11 - -21. Let s be (1/3)/((-1)/(-6)). Suppose -2*z = s*b - 9 - 53, 4*z = b + 119. Calculate the greatest common divisor of z and f.
10
Let l be (-3)/6 + (-9)/(-2). Suppose h - 3*h = -l. Let d be ((-42)/8)/((-3)/8). Calculate the highest common divisor of d and h.
2
Let a = -86 - -99. What is the greatest common divisor of 78 and a?
13
Let w = 8 + -5. Suppose 2*n - 280 = -w*n. What is the highest common divisor of n and 8?
8
Suppose -2*f - 110 = -2*d, -3*d - 7*f + 165 = -3*f. What is the greatest common divisor of 33 and d?
11
Let s be 890/50 + (-1)/(-5). What is the highest common divisor of 63 and s?
9
Let q = 9 - 4. Let i(b) be the first derivative of b**4/4 + b**3/3 + b**2/2 + 7*b + 4. Let h be i(q). Calculate the greatest common factor of 18 and h.
18
Let p = -314 + 146. Let d be 387 - (-3)/(-1) - -4. Let b = d + p. What is the highest common divisor of 20 and b?
20
Let v = -25 + 113. Let u = -33 - -66. Suppose 0*s = 3*s - u. What is the highest common factor of v and s?
11
Let w be 2/(-9) - 1816/(-72). What is the greatest common divisor of w and 75?
25
Let l be (-332)/(-6) + 12/18. Suppose v = i + 28, -3*v + v = 3*i - l. Let h = -14 + v. Calculate the greatest common divisor of 112 and h.
14
Suppose 0 = -d - 5 + 12. Let y(b) = b**3 - 5*b**2 + 6. Let q be y(6). What is the highest common factor of d and q?
7
Suppose -16 = -2*u - 4. Calculate the greatest common divisor of u and 18.
6
Let b be 3/(6/32) + -3. Let a = b - 6. Calculate the greatest common divisor of 63 and a.
7
Let z(c) = c**3 + c**2 + c. Let f be z(0). Suppose u + 2*k = -k - 1, 5*k = f. Let j be 4/(2 + u) - -3. Calculate the highest common divisor of 35 and j.
7
Let f = -1 + 3. Let j(s) = 0*s - s - 2*s**2 - 6 + 3*s**f. Let n be j(-8). What is the highest common divisor of 44 and n?
22
Let y(f) = 2*f**3 + f**2 + 6*f - 8. Let x be y(4). What is the greatest common factor of x and 20?
20
Let f = -13 - -25. What is the greatest common factor of f and 6?
6
Let r = -30 - -54. What is the highest common divisor of r and 8?
8
Let h = 109 + -101. Suppose 3*l - 274 = -82. What is the highest common divisor of l and h?
8
Let w(y) = -y**3 + 11*y**2 + y - 3. Let f be w(11). Let b = 11 + -3. Calculate the greatest common di